 base 14.
345d
11111101110011 (base 2) to base 14
5cc3
What is 146 (base 8) in base 13?
7b
Convert 14a96 (base 11) to base 15.
648a
Convert -334 (base 13) to base 10.
-550
Convert 130222 (base 5) to base 10.
5062
Convert -9331 (base 11) to base 6.
-133144
What is 11658 (base 10) in base 6?
125550
What is 1333120 (base 4) in base 7?
32524
-442 (base 13) to base 10
-730
-411c (base 13) to base 6
-105330
What is -13400 (base 6) in base 3?
-2212100
Convert -30212210 (base 4) to base 8.
-144644
What is -51727 (base 10) in base 15?
-104d7
Convert -2546 (base 9) to base 6.
-12453
What is 5064 (base 10) in base 9?
6846
Convert 1421 (base 14) to base 15.
10c2
-1130 (base 7) to base 4
-12131
-424524 (base 6) to base 10
-34756
-1101 (base 8) to base 10
-577
Convert 48208 (base 11) to base 16.
10f56
Convert 143 (base 14) to base 8.
377
-866 (base 15) to base 2
-11101101000
What is -1101101 (base 2) in base 13?
-85
What is 355024 (base 6) in base 9?
46347
-13020 (base 5) to base 16
-3f2
431 (base 5) to base 6
312
What is 107a (base 14) in base 16?
b24
Convert 12900 (base 11) to base 2.
100011111011000
Convert -1000111010 (base 2) to base 4.
-20322
-16211 (base 11) to base 2
-101100101100001
Convert -1000102 (base 3) to base 14.
-3ac
Convert 3205 (base 11) to base 15.
13ca
Convert -32726 (base 11) to base 5.
-3004320
Convert -41444 (base 5) to base 15.
-c34
Convert 152 (base 7) to base 6.
222
212012 (base 3) to base 4
21302
Convert 1571 (base 9) to base 4.
102232
Convert -34234 (base 6) to base 10.
-4846
What is 3422 (base 9) in base 13?
11c9
What is -10110010100010 (base 2) in base 15?
-35bb
Convert -57161 (base 8) to base 2.
-101111001110001
What is -49a8 (base 13) in base 3?
-112022221
2606 (base 7) to base 4
33122
What is 210227 (base 8) in base 16?
11097
-26136 (base 8) to base 4
-2301132
47d (base 15) to base 2
1111111010
-111110111010001 (base 2) to base 9
-48157
What is 15205 (base 6) in base 7?
10103
Convert -1341311 (base 5) to base 12.
-1404a
What is 13025 (base 11) in base 12?
a971
-912 (base 15) to base 7
-5645
-38b3 (base 13) to base 2
-1111110011001
What is 1421 (base 9) in base 14?
568
12212 (base 4) to base 7
1142
Convert -25b (base 13) to base 2.
-110011110
What is -a19 (base 12) in base 11?
-1109
Convert -2da (base 16) to base 4.
-23122
-801 (base 9) to base 4
-22021
1020 (base 8) to base 14
29a
-1010 (base 4) to base 8
-104
11002 (base 3) to base 6
302
1202322 (base 4) to base 13
2b5c
17408 (base 12) to base 16
8288
What is -1105 (base 14) in base 15?
-d15
Convert 16041 (base 7) to base 4.
1012020
What is -11c07 (base 14) in base 12?
-21227
12212221 (base 3) to base 10
4291
What is -4467 (base 14) in base 15?
-37a1
Convert -10200 (base 4) to base 7.
-561
What is -5399 (base 11) in base 14?
-2850
What is 18c3 (base 14) in base 10?
4483
110011100 (base 2) to base 6
1524
What is fb (base 16) in base 4?
3323
-4a2a (base 12) to base 15
-2741
478 (base 16) to base 4
101320
What is 7012 (base 8) in base 2?
111000001010
-2596 (base 11) to base 4
-310230
Convert -5353 (base 12) to base 6.
-110143
What is -2524 (base 7) in base 14?
-4bb
-2435 (base 11) to base 8
-6160
Convert 58 (base 12) to base 7.
125
Convert 2113 (base 4) to base 7.
304
c0a (base 13) to base 15
90d
43c (base 16) to base 15
4c4
-1464 (base 7) to base 3
-210200
What is -12022221 (base 3) in base 8?
-7456
122211 (base 4) to base 5
23301
124121 (base 6) to base 5
330111
Convert -708 (base 11) to base 5.
-11410
Convert 3b6 (base 12) to base 15.
280
Convert -1b2 (base 14) to base 10.
-352
Convert 15 (base 12) to base 4.
101
-66 (base 7) to base 3
-1210
Convert -3425 (base 7) to base 5.
-14434
What is 10022 (base 4) in base 9?
325
What is -1273 (base 9) in base 15?
-43c
Convert 12197 (base 11) to base 10.
17530
Convert 111000211 (base 3) to base 16.
251b
Convert -1002301 (base 4) to base 5.
-114043
-1001100010 (base 3) to base 2
-101000010110010
What is 1205a (base 11) in base 4?
10033120
What is -11040 (base 5) in base 9?
-1045
What is 8366 (base 13) in base 16?
46f7
Convert 101110010 (base 2) to base 6.
1414
608 (base 11) to base 9
1005
-8bd (base 16) to base 4
-202331
What is 2000 (base 4) in base 7?
242
-95 (base 10) to base 11
-87
-332 (base 10) to base 12
-238
Convert 7083 (base 11) to base 15.
2bc3
-1c71 (base 13) to base 16
-10dd
What is -2947 (base 12) in base 6?
-34131
330 (base 10) to base 9
406
61023 (base 10) to base 15
13133
Convert -692 (base 10) to base 14.
-376
Convert 2557 (base 10) to base 5.
40212
What is 22222 (base 3) in base 10?
242
Convert 62134 (base 7) to base 13.
6b98
-1215 (base 6) to base 16
-12b
What is -1437 (base 9) in base 15?
-4c7
Convert 4a48 (base 15) to base 6.
201122
-4420 (base 9) to base 4
-302322
422016 (base 7) to base 3
10200202200
What is -473 (base 10) in base 13?
-2a5
Convert 424 (base 5) to base 10.
114
-425 (base 14) to base 11
-683
-676 (base 10) to base 15
-301
What is -987 (base 14) in base 5?
-30013
3337 (base 8) to base 2
11011011111
Convert 32514 (base 6) to base 7.
16102
-3153 (base 8) to base 16
-66b
-10503 (base 10) to base 6
-120343
Convert -515 (base 10) to base 3.
-201002
-3a3 (base 13) to base 5
-10030
25318 (base 10) to base 15
777d
Convert 6987 (base 10) to base 14.
2791
-1113 (base 4) to base 10
-87
Convert -1973 (base 10) to base 7.
-5516
3e1d (base 16) to base 12
9251
What is 3142 (base 8) in base 16?
662
23105 (base 7) to base 11
4470
-1001011100 (base 2) to base 5
-4404
Convert 1012022121 (base 3) to base 9.
35277
Convert 100101100001010 (base 2) to base 6.
224534
Convert 24310 (base 5) to base 9.
2453
-1202 (base 13) to base 5
-40122
-5012 (base 7) to base 15
-79e
-100324 (base 5) to base 11
-2462
Convert -1002012 (base 4) to base 8.
-10206
What is 15bc (base 15) in base 11?
3572
2021122 (base 3) to base 10
1664
What is -598a (base 12) in base 13?
-4756
What is 416 (base 11) in base 3?
200120
1243 (base 6) to base 3
102200
What is 120410 (base 6) in base 12?
6106
What is -10000010000 (base 2) in base 5?
-13130
What is 2121210102 (base 3) in base 2?
1100100110011000
-4606 (base 7) to base 9
-2257
-622 (base 9) to base 10
-506
Convert 34151 (base 6) to base 15.
1664
-9915 (base 14) to base 11
-18992
696 (base 16) to base 2
11010010110
-11011 (base 2) to base 13
-21
Convert 444 (base 16) to base 9.
1443
-21104 (base 5) to base 3
-1221000
Convert 100011011001100 (base 2) to base 15.
5584
What is 3fe4 (base 16) in base 14?
5d64
What is 6525 (base 10) in base 2?
1100101111101
-4a60 (base 11) to base 2
-1100111001000
What is -15753 (base 10) in base 16?
-3d89
Convert -1202224 (base 5) to base 8.
-53255
What is -10403 (base 5) in base 16?
-2d8
1120201012 (base 3) to base 8
74640
What is -7828 (base 10) in base 11?
-5977
Convert 4ca (base 13) to base 2.
1101001010
-135642 (base 8) to base 13
-18b2c
What is 3337 (base 9) in base 16?
9a0
Convert -2e7 (base 15) to base 7.
-1642
What is -1ae6 (base 16) in base 7?
-26035
Convert 230214 (base 5) to base 12.
48a0
202 (base 4) to base 13
28
Convert -1111 (base 6) to base 8.
-403
Convert -575 (base 10) to base 6.
-2355
-6b79 (base 16) to base 7
-143133
What is -326 (base 7) in base 6?
-435
Convert -155 (base 15) to base 3.
-102022
What is -105120 (base 6) in base 10?
-8904
What is 20633 (base 9) in base 15?
4093
-61db (base 16) to base 2
-110000111011011
What is 990 (base 11) in base 3?
1122000
Convert 103 (base 12) to base 7.
300
What is -16544 (base 7) in base 10?
-4736
What is -2022201 (base 3) in base 11?
-12aa
2b252 (base 12) to base 3
10002102222
What is 101101101101 (base 2) in base 7?
11346
What is 3115 (base 6) in base 13?
416
Convert 13411 (base 7) to base 3.
11222121
What is -1631 (base 9) in base 11?
-a30
610 (base 7) to base 15
151
Convert -11210012 (base 4) to base 12.
-11232
-441 (base 11) to base 5
-4104
What is 10110 (base 3) in base 16?
5d
-122452 (base 6) to base 7
-44000
What is 4526 (base 7) in base 9?
2218
What is -6bb1 (base 12) in base 9?
-17517
Convert -30023 (base 7) to base 8.
-16064
Convert 2ac (base 16) to base 8.
1254
-565 (base 8) to base 5
-2443
Convert -1a2a (base 14) to base 7.
-16553
Convert 3fb1 (base 16) to base 3.
211100220
Convert -3c (base 14) to base 9.
-60
What is -787 (base 11) in base 2?
-1110101110
What is -21120002 (base 4) in base 15